{"id":32,"date":"2020-03-29T11:12:12","date_gmt":"2020-03-29T11:12:12","guid":{"rendered":"http:\/\/hugo-ist.online\/?page_id=32"},"modified":"2021-03-22T07:03:27","modified_gmt":"2021-03-22T07:03:27","slug":"linksammlung","status":"publish","type":"page","link":"http:\/\/hugo-ist.online\/?page_id=32","title":{"rendered":"Linksammlung"},"content":{"rendered":"\n<p class=\"has-text-align-center has-luminous-vivid-orange-color has-text-color has-medium-font-size\"><strong>Sport<\/strong><\/p>\n\n\n\n<p>Liebe Sch\u00fclerinnen und Sch\u00fcler.damit ihr alle fit bleibt, haben wir f\u00fcr euch tolle Sport- und Bewegungsangebote rausgesucht.&nbsp;<strong>Von Montag bis Freitag zeigt ALBA t\u00e4glich neue Sendungen&nbsp;<\/strong><\/p>\n\n\n\n<p><a class=\"\" href=\"https:\/\/www.youtube.com\/playlist?list=PL9H8VPpyaFzMaZyj2K_IHxxGLwQ8vXsBI\">Die t\u00e4gliche Sportstunde von ALBA Berlin &#8211; KITA<\/a><\/p>\n\n\n\n<p><strong>Fitness f\u00fcr Kinder mit Skistar Felix Neureuther<\/strong><\/p>\n\n\n\n<p><a class=\"\" rel=\"noreferrer noopener\" href=\"https:\/\/www.ardmediathek.de\/ard\/shows\/Y3JpZDovL2JyLmRlL2Jyb2FkY2FzdFNlcmllcy8yZWQzZGY1Mi05MmU1LTRiNmQtODk4NC00MjZmMzRhNTM0ZDU\/beweg-dich-schlau-oder-ab-6-jahren\" target=\"_blank\">Fit mit Felix \u2013 beweg dich schlau<\/a><\/p>\n\n\n\n<p><\/p>\n\n\n\n<p class=\"has-text-align-center has-luminous-vivid-orange-color has-text-color has-medium-font-size\"><strong>MOVE<\/strong> <strong>und Bewegung<\/strong><\/p>\n\n\n\n<p><a href=\"https:\/\/www.move-austria.com\/move-song\/\">https:\/\/www.move-austria.com\/move-song\/<\/a><\/p>\n\n\n\n<p class=\"has-very-dark-gray-color has-text-color\">&#8211; MOVE-Song (den Sch\u00fclerinnen und Sch\u00fclern aus MOVE bekannt)<\/p>\n\n\n\n<p><a href=\"https:\/\/www.kb-schule.salzburg.at\/blog\/categories\/move\">https:\/\/www.kb-schule.salzburg.at\/blog\/categories\/move<\/a><\/p>\n\n\n\n<p class=\"has-very-dark-gray-color has-text-color\">kurze MOVE-\u00dcbungsideen zum Aufstehen etc.<\/p>\n\n\n\n<figure class=\"wp-block-embed-wordpress wp-block-embed is-type-wp-embed is-provider-bewegen-mit-oscar\"><div class=\"wp-block-embed__wrapper\">\n<blockquote class=\"wp-embedded-content\" data-secret=\"BaxNVordSU\"><a href=\"https:\/\/www.bewegenmitoscar.at\/\">Bewegen mit Oscar<\/a><\/blockquote><iframe class=\"wp-embedded-content\" sandbox=\"allow-scripts\" security=\"restricted\" style=\"position: absolute; clip: rect(1px, 1px, 1px, 1px);\" title=\"&#8222;Bewegen mit Oscar&#8220; &#8212; Bewegen mit Oscar\" src=\"https:\/\/www.bewegenmitoscar.at\/embed\/#?secret=BaxNVordSU\" data-secret=\"BaxNVordSU\" width=\"600\" height=\"338\" frameborder=\"0\" marginwidth=\"0\" marginheight=\"0\" scrolling=\"no\"><\/iframe>\n<\/div><\/figure>\n\n\n\n<p class=\"has-very-dark-gray-color has-text-color\">Anleitung zum Bewegen, Spielen, Reden, Basteln etc.<\/p>\n\n\n\n<p class=\"has-text-align-center has-luminous-vivid-orange-color has-text-color has-medium-font-size\"><strong>Mathe Deutsch Sachunterricht<\/strong><\/p>\n\n\n\n<blockquote class=\"wp-block-quote\"><p><strong>I<\/strong>n der Mediathek von ARD und ZDF findet ihr tolle Sendungen, die t\u00e4glich ausgestrahlt werden.<\/p><\/blockquote>\n\n\n\n<blockquote class=\"wp-block-quote\"><p><a class=\"\" href=\"https:\/\/www.wdrmaus.de\/\">Die Sendung mit der Maus<\/a><\/p><p><a class=\"\" href=\"https:\/\/www.zdf.de\/kinder\/logo\">Logo &#8211; Kindernachrichten<\/a><\/p><\/blockquote>\n\n\n\n<p><a href=\"https:\/\/www.ardaudiothek.de\/spannung-und-wissen-fuer-kinder-ab-6\/73000508\/alle\">https:\/\/www.ardaudiothek.de\/spannung-und-wissen-fuer-kinder-ab-6\/73000508\/alle<\/a><\/p>\n\n\n\n<p>kostenlose H\u00f6rspiele f\u00fcr Kinder<\/p>\n\n\n\n<p><a href=\"https:\/\/www.cornelsen.de\/empfehlungen\/schulschliessung\/fuer-eltern\">https:\/\/www.cornelsen.de\/empfehlungen\/schulschliessung\/fuer-eltern<\/a><\/p>\n\n\n\n<ul><li>Lern-App: ANTON (alle F\u00e4cher und kostenlos)<\/li><li>Schlaukopf \u2013 Quiz zu verschiedenen F\u00e4chern<\/li><\/ul>\n\n\n\n<p><a href=\"https:\/\/www.schlaukopf.de\/grundschule\/\">https:\/\/www.schlaukopf.de\/grundschule\/<\/a><\/p>\n\n\n\n<ul><li>Die kostenlose Online-Aufgabensammlung f\u00fcr Klasse 1 bis 4:<\/li><\/ul>\n\n\n\n<p><a href=\"https:\/\/www.mathe-im-netz.de\/\">https:\/\/www.mathe-im-netz.de\/<\/a><\/p>\n\n\n\n<ul><li>Blitzrechnen \u00fcben mit der Blitzrechnen-App<\/li><li>Skoyo Lernplattform 2 Wochen kostenlos:<\/li><\/ul>\n\n\n\n<p><a href=\"https:\/\/www-de.scoyo.com\/\">https:\/\/www-de.scoyo.com\/<\/a><\/p>\n\n\n\n<ul><li>\u00dcbungen in verschiedenen F\u00e4chern<\/li><\/ul>\n\n\n\n<p><a href=\"https:\/\/www.schlaukopf.de\/\">https:\/\/www.schlaukopf.de\/<\/a><\/p>\n\n\n\n<ul><li>Material zum Herunterladen: Lernbiene&nbsp;&nbsp;<\/li><\/ul>\n\n\n\n<p><a href=\"https:\/\/abenteuerlernen.org\/ueber-uns\/aktuelles\/706-das-corona-experiment-des-tages\">https:\/\/abenteuerlernen.org\/ueber-uns\/aktuelles\/706-das-corona-experiment-des-tages<\/a><\/p>\n\n\n\n<ul><li>Experiment des Tages: Abenteuer Lernen<\/li><\/ul>\n\n\n\n<p><a href=\"https:\/\/www.naturdetektive.bfn.de\">https:\/\/www.naturdetektive.bfn.de<\/a><\/p>\n\n\n\n<ul><li>Forschen und entdecken (verschiedene Themen):<\/li><\/ul>\n\n\n\n<ul><li>Waldfibel-App: kostenlos vom Bundesministerium f\u00fcr Ern\u00e4hrung und Landwirtschaft, interaktive Lernerlebnisse zum Thema Wald&nbsp;<\/li><li><a href=\"https:\/\/www.blinde-kuh.de\/\">https:\/\/www.blinde-kuh.de<\/a>&nbsp;&nbsp;-&gt; diese Suchmaschine f\u00fcr Kinder bietet weiter unten<\/li><\/ul>\n\n\n\n<p class=\"has-text-align-center has-luminous-vivid-orange-color has-text-color has-medium-font-size\">Kunst <\/p>\n\n\n\n<p><a class=\"\" href=\"https:\/\/shop.labbe.de\/pdf-shop\/gratis-homeschooling\">Labbe<\/a><\/p>\n\n\n\n<p>Kostenlose Bastel- und Malideen<\/p>\n\n\n\n<p><a href=\"https:\/\/www.lernbiene.de\/Sonderaktion-Heimunterricht\/\">https:\/\/www.lernbiene.de\/Sonderaktion-Heimunterricht\/<\/a><\/p>\n\n\n\n<ul><li>Experimente durchf\u00fchren \/ Basteln<\/li><\/ul>\n\n\n\n<p><a href=\"https:\/\/www.geo.de\/geolino\/basteln\/15225thma-experimente\">https:\/\/www.geo.de\/geolino\/basteln\/15225thema-experimente<\/a><\/p>\n\n\n\n<p class=\"has-text-align-center has-luminous-vivid-orange-color has-text-color has-medium-font-size\">Musik<\/p>\n\n\n\n<p><a href=\"https:\/\/kinder.wdr.de\/tv\/die-sendung-mit-der-maus\/av\/video-lachgeschichte-kraftmacherlied-fuer-alle-niemals-dran-gezweifelt-100.html\">https:\/\/kinder.wdr.de\/tv\/die-sendung-mit-der-maus\/av\/video-lachgeschichte-kraftmacherlied-fuer-alle-niemals-dran-gezweifelt-100.html<\/a><\/p>\n\n\n\n<p><a href=\"https:\/\/www.guerzenich-orchester.de\/de\/soklingt\">https:\/\/www.guerzenich-orchester.de\/de\/soklingt<\/a><\/p>\n\n\n\n<ul><li>verschiedene Instrumente kennenlernen<\/li><\/ul>\n","protected":false},"excerpt":{"rendered":"<p>Sport Liebe Sch\u00fclerinnen und Sch\u00fcler.damit ihr alle fit bleibt, haben wir f\u00fcr euch tolle Sport- und Bewegungsangebote rausgesucht.&nbsp;Von Montag bis Freitag zeigt ALBA t\u00e4glich neue Sendungen&nbsp; Die t\u00e4gliche Sportstunde von ALBA Berlin &#8211; KITA Fitness f\u00fcr Kinder mit Skistar Felix Neureuther Fit mit Felix \u2013 beweg dich schlau MOVE und Bewegung https:\/\/www.move-austria.com\/move-song\/ &#8211; MOVE-Song (den [&hellip;]<\/p>\n","protected":false},"author":1,"featured_media":0,"parent":0,"menu_order":0,"comment_status":"closed","ping_status":"closed","template":"","meta":[],"_links":{"self":[{"href":"http:\/\/hugo-ist.online\/index.php?rest_route=\/wp\/v2\/pages\/32"}],"collection":[{"href":"http:\/\/hugo-ist.online\/index.php?rest_route=\/wp\/v2\/pages"}],"about":[{"href":"http:\/\/hugo-ist.online\/index.php?rest_route=\/wp\/v2\/types\/page"}],"author":[{"embeddable":true,"href":"http:\/\/hugo-ist.online\/index.php?rest_route=\/wp\/v2\/users\/1"}],"replies":[{"embeddable":true,"href":"http:\/\/hugo-ist.online\/index.php?rest_route=%2Fwp%2Fv2%2Fcomments&post=32"}],"version-history":[{"count":12,"href":"http:\/\/hugo-ist.online\/index.php?rest_route=\/wp\/v2\/pages\/32\/revisions"}],"predecessor-version":[{"id":580,"href":"http:\/\/hugo-ist.online\/index.php?rest_route=\/wp\/v2\/pages\/32\/revisions\/580"}],"wp:attachment":[{"href":"http:\/\/hugo-ist.online\/index.php?rest_route=%2Fwp%2Fv2%2Fmedia&parent=32"}],"curies":[{"name":"wp","href":"https:\/\/api.w.org\/{rel}","templated":true}]}}

<p class="has-text-align-center has-luminous-vivid-orange-color has-text-color has-medium-font-size"><strong>Sport</strong></p>



<p>Liebe Schülerinnen und Schüler.damit ihr alle fit bleibt, haben wir für euch tolle Sport- und Bewegungsangebote rausgesucht.&nbsp;<strong>Von Montag bis Freitag zeigt ALBA täglich neue Sendungen&nbsp;</strong></p>



<p><a class="" href="https://www.youtube.com/playlist?list=PL9H8VPpyaFzMaZyj2K_IHxxGLwQ8vXsBI">Die tägliche Sportstunde von ALBA Berlin &#8211; KITA</a></p>



<p><strong>Fitness für Kinder mit Skistar Felix Neureuther</strong></p>



<p><a class="" rel="noreferrer noopener" href="https://www.ardmediathek.de/ard/shows/Y3JpZDovL2JyLmRlL2Jyb2FkY2FzdFNlcmllcy8yZWQzZGY1Mi05MmU1LTRiNmQtODk4NC00MjZmMzRhNTM0ZDU/beweg-dich-schlau-oder-ab-6-jahren" target="_blank">Fit mit Felix – beweg dich schlau</a></p>



<p></p>



<p class="has-text-align-center has-luminous-vivid-orange-color has-text-color has-medium-font-size"><strong>MOVE</strong> <strong>und Bewegung</strong></p>



<p><a href="https://www.move-austria.com/move-song/">https://www.move-austria.com/move-song/</a></p>



<p class="has-very-dark-gray-color has-text-color">&#8211; MOVE-Song (den Schülerinnen und Schülern aus MOVE bekannt)</p>



<p><a href="https://www.kb-schule.salzburg.at/blog/categories/move">https://www.kb-schule.salzburg.at/blog/categories/move</a></p>



<p class="has-very-dark-gray-color has-text-color">kurze MOVE-Übungsideen zum Aufstehen etc.</p>



<figure class="wp-block-embed-wordpress wp-block-embed is-type-wp-embed is-provider-bewegen-mit-oscar"><div class="wp-block-embed__wrapper">
<blockquote class="wp-embedded-content" data-secret="BaxNVordSU"><a href="https://www.bewegenmitoscar.at/">Bewegen mit Oscar</a></blockquote><iframe class="wp-embedded-content" sandbox="allow-scripts" security="restricted" style="position: absolute; clip: rect(1px, 1px, 1px, 1px);" title="&#8222;Bewegen mit Oscar&#8220; &#8212; Bewegen mit Oscar" src="https://www.bewegenmitoscar.at/embed/#?secret=BaxNVordSU" data-secret="BaxNVordSU" width="600" height="338" frameborder="0" marginwidth="0" marginheight="0" scrolling="no"></iframe>
</div></figure>



<p class="has-very-dark-gray-color has-text-color">Anleitung zum Bewegen, Spielen, Reden, Basteln etc.</p>



<p class="has-text-align-center has-luminous-vivid-orange-color has-text-color has-medium-font-size"><strong>Mathe Deutsch Sachunterricht</strong></p>



<blockquote class="wp-block-quote"><p><strong>I</strong>n der Mediathek von ARD und ZDF findet ihr tolle Sendungen, die täglich ausgestrahlt werden.</p></blockquote>



<blockquote class="wp-block-quote"><p><a class="" href="https://www.wdrmaus.de/">Die Sendung mit der Maus</a></p><p><a class="" href="https://www.zdf.de/kinder/logo">Logo &#8211; Kindernachrichten</a></p></blockquote>



<p><a href="https://www.ardaudiothek.de/spannung-und-wissen-fuer-kinder-ab-6/73000508/alle">https://www.ardaudiothek.de/spannung-und-wissen-fuer-kinder-ab-6/73000508/alle</a></p>



<p>kostenlose Hörspiele für Kinder</p>



<p><a href="https://www.cornelsen.de/empfehlungen/schulschliessung/fuer-eltern">https://www.cornelsen.de/empfehlungen/schulschliessung/fuer-eltern</a></p>



<ul><li>Lern-App: ANTON (alle Fächer und kostenlos)</li><li>Schlaukopf – Quiz zu verschiedenen Fächern</li></ul>



<p><a href="https://www.schlaukopf.de/grundschule/">https://www.schlaukopf.de/grundschule/</a></p>



<ul><li>Die kostenlose Online-Aufgabensammlung für Klasse 1 bis 4:</li></ul>



<p><a href="https://www.mathe-im-netz.de/">https://www.mathe-im-netz.de/</a></p>



<ul><li>Blitzrechnen üben mit der Blitzrechnen-App</li><li>Skoyo Lernplattform 2 Wochen kostenlos:</li></ul>



<p><a href="https://www-de.scoyo.com/">https://www-de.scoyo.com/</a></p>



<ul><li>Übungen in verschiedenen Fächern</li></ul>



<p><a href="https://www.schlaukopf.de/">https://www.schlaukopf.de/</a></p>



<ul><li>Material zum Herunterladen: Lernbiene&nbsp;&nbsp;</li></ul>



<p><a href="https://abenteuerlernen.org/ueber-uns/aktuelles/706-das-corona-experiment-des-tages">https://abenteuerlernen.org/ueber-uns/aktuelles/706-das-corona-experiment-des-tages</a></p>



<ul><li>Experiment des Tages: Abenteuer Lernen</li></ul>



<p><a href="https://www.naturdetektive.bfn.de">https://www.naturdetektive.bfn.de</a></p>



<ul><li>Forschen und entdecken (verschiedene Themen):</li></ul>



<ul><li>Waldfibel-App: kostenlos vom Bundesministerium für Ernährung und Landwirtschaft, interaktive Lernerlebnisse zum Thema Wald&nbsp;</li><li><a href="https://www.blinde-kuh.de/">https://www.blinde-kuh.de</a>&nbsp;&nbsp;-&gt; diese Suchmaschine für Kinder bietet weiter unten</li></ul>



<p class="has-text-align-center has-luminous-vivid-orange-color has-text-color has-medium-font-size">Kunst </p>



<p><a class="" href="https://shop.labbe.de/pdf-shop/gratis-homeschooling">Labbe</a></p>



<p>Kostenlose Bastel- und Malideen</p>



<p><a href="https://www.lernbiene.de/Sonderaktion-Heimunterricht/">https://www.lernbiene.de/Sonderaktion-Heimunterricht/</a></p>



<ul><li>Experimente durchführen / Basteln</li></ul>



<p><a href="https://www.geo.de/geolino/basteln/15225thma-experimente">https://www.geo.de/geolino/basteln/15225thema-experimente</a></p>



<p class="has-text-align-center has-luminous-vivid-orange-color has-text-color has-medium-font-size">Musik</p>



<p><a href="https://kinder.wdr.de/tv/die-sendung-mit-der-maus/av/video-lachgeschichte-kraftmacherlied-fuer-alle-niemals-dran-gezweifelt-100.html">https://kinder.wdr.de/tv/die-sendung-mit-der-maus/av/video-lachgeschichte-kraftmacherlied-fuer-alle-niemals-dran-gezweifelt-100.html</a></p>



<p><a href="https://www.guerzenich-orchester.de/de/soklingt">https://www.guerzenich-orchester.de/de/soklingt</a></p>



<ul><li>verschiedene Instrumente kennenlernen</li></ul>

<p>Sport Liebe Schülerinnen und Schüler.damit ihr alle fit bleibt, haben wir für euch tolle Sport- und Bewegungsangebote rausgesucht.&nbsp;Von Montag bis Freitag zeigt ALBA täglich neue Sendungen&nbsp; Die tägliche Sportstunde von ALBA Berlin &#8211; KITA Fitness für Kinder mit Skistar Felix Neureuther Fit mit Felix – beweg dich schlau MOVE und Bewegung https://www.move-austria.com/move-song/ &#8211; MOVE-Song (den [&hellip;]</p>
